{"id":251,"date":"2020-09-11T23:47:24","date_gmt":"2020-09-11T23:47:24","guid":{"rendered":"http:\/\/horizonscollege.org\/?page_id=251"},"modified":"2024-01-16T15:47:41","modified_gmt":"2024-01-16T21:47:41","slug":"mesmerize","status":"publish","type":"page","link":"https:\/\/horizonscollege.org\/","title":{"rendered":"Front Page"},"content":{"rendered":"<div  id=\"que-hacemos\" style=\"background-color: #f5fafd;\" data-label=\"Qu\u00e9 hacemos\" data-id=\"about-images-right-section-mc\" data-export-id=\"about-images-right-section-mc\" data-category=\"about\" class=\"about-images-right-section-mc content-section content-section-spacing\" data-bullets-visibility=\"true\"><div  class=\"gridContainer\"> <div  class=\"row middle-sm text-center\"><div  class=\"col-sm-5 content-left-sm\" data-type=\"column\"> <h5  class=\"\">QU\u00c9 HACEMOS<\/h5> <h2  class=\"\">Facilitamos el&nbsp;<br > <span  style=\"font-family: Playfair Display,sans-serif; font-weight: 700; font-style: italic;\" href=\"#\">aprendizaje acelerado<\/span>&nbsp;del estilo de vida de Jesucristo<\/h2> <p  class=\"\">Nuestro prop\u00f3sito es facilitar el aprendizaje acelerado del estilo de vida de Jesucristo, que progresivamente te habilitar\u00e1 para enfrentar los retos y superar los obst\u00e1culos de los diferentes roles en tu vida, as\u00ed como para tomar las decisiones que te lleven a realizar tus sue\u00f1os y alcanzar tus metas.<\/p> <\/div> <div  class=\"col-sm-7 space-bottom-xs\"><div  class=\"image-group-side-3-img\"> <img  decoding=\"async\" class=\"topimg shadow-large\" src=\"http:\/\/horizonscollege.org\/wp-content\/themes\/highlight\/customizer\/sections\/images\/cropped-paper-571937_1920.jpg\"> <img  decoding=\"async\" class=\"rightimg shadow-large\" src=\"http:\/\/horizonscollege.org\/wp-content\/themes\/highlight\/customizer\/sections\/images\/cropped-cropped-background-2726039-6x4.jpg\"> <div  class=\"leftimg\"> <img  decoding=\"async\" class=\"shadow-large\" src=\"http:\/\/horizonscollege.org\/wp-content\/themes\/highlight\/customizer\/sections\/images\/cropped-girl-2940655_1920.jpg\"><\/div> <\/div><\/div> <\/div><\/div> <\/div><div  id=\"que-ofrecemos\" style=\"background-color: #ffffff;\" data-label=\"Qu\u00e9 ofrecemos\" data-id=\"features-16-card-bordered-mc\" data-export-id=\"features-16-card-bordered-mc\" data-bullets-visibility=\"true\" data-category=\"features\" class=\"features-16-card-bordered-mc content-section content-section-spacing\"><div  class=\"gridContainer\"> <div  class=\"row text-center\"><div  class=\"section-title-col\" data-type=\"column\"> <h5  class=\"\">QU\u00c9 OFRECEMOS<\/h5> <h2  class=\"\">Soporte, gu\u00edas y herramientas para la vida<\/h2> <p  class=\"lead\">Ponemos a tu disposici\u00f3n soporte personalizado, herramientas de apoyo, y gu\u00edas de desarrollo; que te ayudar\u00e1n a desarrollar las competencias para vivir la vida para la que fuiste creado.<\/p><\/div> <\/div> <div  class=\"row spaced-cols\" data-type=\"row\"> <div  class=\"col-xs-12 col-sm-6 col-md-4\"> <div  class=\"card no-padding bordered y-move\"> <img  decoding=\"async\" class=\"face\" src=\"http:\/\/horizonscollege.org\/wp-content\/themes\/highlight\/customizer\/sections\/images\/agreement-2548139_1920.jpg\"> <div  data-type=\"column\" class=\"col-padding-small col-padding-small-xs description-container\"> <h4  class=\"font-500\">Soporte Personalizado<\/h4> <p  class=\"\">Nuestra pasi\u00f3n es ayudar a toda persona con la disposici\u00f3n para escuchar, estudiar, y aprender aplicando; con una mente abierta y curiosa; y un fuerte deseo de crecer integralmente como persona.<\/p><\/div> <div  data-type=\"column\" class=\"col-padding-small col-padding-small-xs read-more-container\"><\/div> <\/div><\/div> <div  class=\"col-xs-12 col-sm-6 col-md-4\"><div  class=\"card no-padding bordered y-move\"> <img  decoding=\"async\" class=\"face\" src=\"http:\/\/horizonscollege.org\/wp-content\/uploads\/2020\/09\/cropped-bible.jpg\" alt=\"\" title=\"cropped-bible.jpg\"> <div  data-type=\"column\" class=\"col-padding-small col-padding-small-xs description-container\"> <h4  class=\"font-500\">Gu\u00edas de Desarrollo<\/h4> <p  class=\"\">El desarrollo personal con sentido, requiere de fundamentos s\u00f3lidos, ejemplos claros y referencias pr\u00e1cticas. No existe una mejor gu\u00eda para aprender a vivir la vida con estas caracter\u00edsticas que la Biblia.<\/p><\/div> <div  data-type=\"column\" class=\"col-padding-small col-padding-small-xs read-more-container\"><\/div> <\/div><\/div> <div  class=\"col-xs-12 col-sm-6 col-md-4\"><div  class=\"card no-padding bordered y-move\"> <img  decoding=\"async\" class=\"face\" src=\"http:\/\/horizonscollege.org\/wp-content\/themes\/highlight\/customizer\/sections\/images\/cropped-startup-849804_1920.jpg\"> <div  data-type=\"column\" class=\"col-padding-small col-padding-small-xs description-container\"> <h4  class=\"font-500\">Herramientas de Apoyo<\/h4> <p  class=\"\">Dios nunca nos prometi\u00f3 una vida libre de problemas o situaciones complicadas. Lo que s\u00ed prometi\u00f3 es que estar\u00eda con nosotros en todo momento, gui\u00e1ndonos y ense\u00f1\u00e1ndonos todo lo necesitario.<\/p><\/div> <div  data-type=\"column\" class=\"col-padding-small col-padding-small-xs read-more-container\"><\/div> <\/div><\/div> <\/div><\/div> <\/div>","protected":false},"excerpt":{"rendered":"<p>QU\u00c9 HACEMOS Facilitamos el&nbsp; aprendizaje acelerado&nbsp;del estilo de vida de Jesucristo Nuestro prop\u00f3sito es facilitar el aprendizaje acelerado del estilo de vida de Jesucristo, que progresivamente te habilitar\u00e1 para enfrentar los retos y superar los obst\u00e1culos de los diferentes roles en tu vida, as\u00ed como para tomar las decisiones que te lleven a realizar tus&hellip; <br \/> <a class=\"read-more\" href=\"https:\/\/horizonscollege.org\/\">Leer m\u00e1s<\/a><\/p>\n","protected":false},"author":1,"featured_media":0,"parent":0,"menu_order":0,"comment_status":"closed","ping_status":"closed","template":"page-templates\/homepage.php","meta":[],"_links":{"self":[{"href":"https:\/\/horizonscollege.org\/index.php?rest_route=\/wp\/v2\/pages\/251"}],"collection":[{"href":"https:\/\/horizonscollege.org\/index.php?rest_route=\/wp\/v2\/pages"}],"about":[{"href":"https:\/\/horizonscollege.org\/index.php?rest_route=\/wp\/v2\/types\/page"}],"author":[{"embeddable":true,"href":"https:\/\/horizonscollege.org\/index.php?rest_route=\/wp\/v2\/users\/1"}],"replies":[{"embeddable":true,"href":"https:\/\/horizonscollege.org\/index.php?rest_route=%2Fwp%2Fv2%2Fcomments&post=251"}],"version-history":[{"count":63,"href":"https:\/\/horizonscollege.org\/index.php?rest_route=\/wp\/v2\/pages\/251\/revisions"}],"predecessor-version":[{"id":557,"href":"https:\/\/horizonscollege.org\/index.php?rest_route=\/wp\/v2\/pages\/251\/revisions\/557"}],"wp:attachment":[{"href":"https:\/\/horizonscollege.org\/index.php?rest_route=%2Fwp%2Fv2%2Fmedia&parent=251"}],"curies":[{"name":"wp","href":"https:\/\/api.w.org\/{rel}","templated":true}]}}